 + (-3)/6*2. Let l be a(d). What is the greatest common divisor of 108 and l?
12
Suppose -2482 - 1632 = -11*j. Let m(z) = -9*z**2 - 38*z. Let u be m(-3). Calculate the highest common factor of u and j.
11
Let r = 2197 + -679. Suppose 3*u - 22 - 9 = -2*j, 0 = 8*u + 2*j - 86. Calculate the highest common divisor of r and u.
11
Suppose 2*q + 1485 = 5*a, -4*a - 6*q + 1160 = -2*q. Let f = 841 - a. Calculate the greatest common divisor of 42 and f.
42
Suppose -5*d = 4*w - 8*d - 55, -2*d + 10 = 2*w. Calculate the highest common factor of w and 2190.
10
Let g(d) = -100*d - 133. Let z be g(8). Let t = 965 + z. What is the highest common divisor of 184 and t?
8
Let j(k) = k**2 + 4*k + 2. Let h(v) = -3*v - 2. Let m be h(-2). Suppose n - m = -10. Let l be j(n). Calculate the greatest common divisor of 14 and l.
14
Let s(v) = 4*v - 4. Let k be s(10). Suppose -130 = -g + 4*h - 46, 0 = g + 2*h - 66. What is the greatest common divisor of k and g?
36
Let k = -246 + 404. Suppose -3*h - 3*s + 500 = s, 3*s = h - k. What is the greatest common divisor of 4 and h?
4
Suppose -w - 2*w = -3*q - 9, q = 5*w - 19. Suppose w*m + 227 = k, 3*m + 4*k + 113 + 43 = 0. Let u = m + 80. Calculate the greatest common divisor of u and 36.
12
Suppose 345*q = 343*q + 4*m + 266, 4*q - 532 = -5*m. Calculate the highest common divisor of q and 119.
7
Suppose 2*p + 4*n - 189 = 111, -5*p = 2*n - 710. Calculate the greatest common factor of p and 315.
35
Suppose -36*u + 46 = 5*s - 33*u, u + 14 = 2*s. Calculate the greatest common divisor of s and 1864.
8
Let c(s) = -s**2 - 27*s - 22. Let b be c(-26). Let z be 12/((b/9)/(42/63)). What is the greatest common divisor of z and 144?
18
Suppose 3*n = -2*n - 135. Let i be n/(-1*(-1)/3) - 3. Let p = 92 + i. What is the greatest common factor of p and 40?
8
Let x be ((-200)/4)/10*(-186)/10. Let h = -47 + x. Calculate the highest common factor of 506 and h.
46
Let t = 5063 - -1037. What is the highest common factor of t and 61?
61
Let n(w) be the first derivative of 21 + 33*w - 1/3*w**3 - 6*w**2. Let x be n(-12). Calculate the highest common factor of x and 11.
11
Let r = 110 - 163. Suppose -4*h = -3*i - i + 256, -h = i - 66. Let v = i + r. Calculate the highest common factor of v and 20.
4
Let q(p) = p - 2. Let z be q(14). Let s(x) = -9*x + 114. Let k be s(-10). What is the highest common divisor of z and k?
12
Suppose 0 = -2*w - 30 - 28. Let q(v) = -v**3 - v**2 + 14*v + 4. Let p be q(-5). Let r = w + p. Calculate the highest common factor of 55 and r.
5
Suppose 27 = -4*t + 91. Let g = -1 + t. Let w(l) = -l**3 - 4*l**2 - 5*l + 1. Let r be w(-2). What is the highest common factor of r and g?
3
Let p(q) = q**2 + 1. Let o(g) = 3*g**2 - 9*g + 12. Let z(w) = -o(w) + 2*p(w). Let y be z(7). Let s = 218 - 206. Calculate the highest common divisor of s and y.
4
Suppose 112*s + 29*s + 62*s = 3654. What is the highest common divisor of 24372 and s?
18
Let r(u) = 3*u**2 - 3*u - 2. Let j be r(4). Suppose -48*b = -47*b - 16. Let d be (-8 + 16)*(1 + b)*2. Calculate the greatest common divisor of j and d.
34
Suppose -5*u = 4*q - 9 + 49, 13 = -2*u - q. Let x = 4916 - 4925. Let w be x/(2 + u + 1). Calculate the greatest common factor of w and 6.
3
Let b(h) = h**2 + 15*h + 20. Suppose n = -1 + 13. Let s be n/(-66) + 174/(-11). Let z be b(s). Calculate the highest common factor of z and 18.
18
Suppose -70 = -18*s + 13*s. Suppose -2*w + s + 64 = 0. Let o = 4 + 22. Calculate the highest common factor of w and o.
13
Suppose -410 = -s - 403. Let m be (-70)/(((-28)/16)/s). Calculate the highest common factor of m and 70.
70
Let p = -35758 - -42558. What is the greatest common divisor of p and 64?
16
Let p = -1793 + 2213. What is the highest common factor of p and 945?
105
Suppose -149*t + 2898 = -9767. What is the greatest common factor of t and 221?
17
Let i = -2 - -1. Suppose -149*n - 2*n + 2567 = 0. Let d be (n/(-4))/(i/8). Calculate the highest common divisor of d and 374.
34
Let n(o) = -37 - 51 - 7*o + o**2 + 100. Let b be n(-6). Calculate the greatest common factor of b and 10.
10
Suppose -6*z + 1039 - 391 = 12*z. What is the greatest common divisor of 9468 and z?
36
Suppose 43*r = 19*r + 720. Let l be (-3)/r*-401 + (-29)/290. What is the greatest common factor of 520 and l?
40
Suppose s - 900 = -2*y, -5*y + 24 - 54 = 0. What is the highest common divisor of 192 and s?
48
Let m = 159 - 147. Let k(h) = 2*h**2 - 13*h + 20. Let b be k(m). What is the highest common divisor of b and 8?
8
Suppose 3*y + 2*p - 230 = 192, -10 = 5*p. What is the highest common divisor of y and 5822?
142
Let o(s) = 113*s - 897. Let q be o(15). Calculate the greatest common factor of 84 and q.
42
Let z be 90020/560*(34 - 2). Calculate the highest common factor of 8 and z.
8
Let y(t) = 259*t**2 - 66*t - 65. Let p be y(-1). What is the highest common divisor of p and 8?
4
Let z be -14 - ((-20)/(-4) - 10). Let b(f) = -6*f - 42. Let s be b(z). Suppose 19*y - s*y = 119. What is the greatest common factor of y and 119?
17
Suppose -142*w = -145*w + 60. Suppose -3*m + 7 = -4*a, a = -3*m - 3 + w. What is the highest common divisor of m and 65?
5
Let z(u) = -9 + 26 - 7 - 14*u + 2*u**2 - 1 - 2. Let w be z(11). What is the greatest common divisor of w and 38?
19
Suppose -4*h + 2265 = -5*a, 0 = 2*a + 2*h + 604 + 302. Let c = a - -801. What is the highest common factor of c and 12?
12
Suppose 4*k - 5 = 3. Let w be (3/(-6))/(k/12). Let t be 7 - (w + (3 - 1)). Calculate the greatest common divisor of t and 16.
8
Let b(w) = w**2 + 4*w + 11. Let x(c) = 2*c**2 + 7*c + 23. Let d(h) = 5*b(h) - 2*x(h). Let v be d(-5). Calculate the highest common factor of v and 4.
4
Let o(v) be the first derivative of v - 8 - 8*v**2 + 12*v**2 - 18*v - 14*v**2. Let d be o(-2). Calculate the greatest common divisor of d and 253.
23
Let p(v) = -294*v + 1303. Let w be p(4). What is the greatest common divisor of w and 4699?
127
Suppose -61 = -4*d + 11. Suppose 520 - 821 = -79*t + 2543. What is the greatest common divisor of t and d?
18
Let c(d) be the second derivative of -d**5/20 + 13*d**4/4 - d**3/6 + 71*d**2/2 + 111*d. Let o be c(39). What is the greatest common divisor of o and 160?
32
Suppose 741*j - 705*j = 32076. What is the greatest common divisor of 231 and j?
33
Let b(a) = -296*a - 8526. Let i be b(-29). Suppose 2*j + 3*u = -2*j + 1847, 5*u - 1377 = -3*j. Calculate the highest common factor of i and j.
58
Let r(w) = -49*w + 41. Let u be r(-13). Let z be (u/(-12))/(6/4 + -2). Let y = z + -101. What is the greatest common factor of y and 12?
12
Let a be (-1 - 7/(-14)) + 9/2. Suppose 3*l = -5*k + 3*k + 146, l + 306 = 4*k. What is the highest common factor of a and k?
4
Suppose 0 = -6*f + 176 - 128. Suppose -3*q + 2*c = -40, 4 - 40 = -2*q - c. What is the highest common factor of f and q?
8
Let v be -15 + 113 - (-4 + 60)/4. Let l = 348 + -138. Calculate the greatest common factor of v and l.
42
Suppose -29*k + 58 = 2*c - 27*k, 4*c = k + 121. What is the highest common factor of c and 6285?
15
Suppose 13210 = 23*k - 11630. What is the greatest common factor of 99 and k?
9
Let x = -729 + 735. Suppose -4*z = -y + 176, 0 = -3*y + 2*z - x*z + 448. Calculate the highest common factor of y and 6.
6
Suppose 2*p - p - 112 = -3*n, -5*p = -3*n - 560. Suppose -3*q + 5*j + p = 4*j, 5*j = -5*q + 200. Calculate the highest common factor of q and 57.
19
Let o be -2*1*(-765)/6. What is the highest common divisor of o and 136?
17
Suppose -z - 11 = -3*t + 43, 48 = 3*t - 3*z. Calculate the greatest common divisor of 27 and t.
1
Let q be (16/(-28))/(4/28) + 391. Calculate the greatest common divisor of 2537 and q.
43
Let f(j) = -j**3 - 4*j**2 - 32*j + 62. Let g be f(-11). What is the greatest common factor of 97 and g?
97
Suppose 15*y - 3*v + 1961 = 19*y, y = 5*v + 450. What is the highest common divisor of 55 and y?
5
Let j be 16/(17*(-36)/(-18666)). What is the greatest common divisor of j and 427?
61
Suppose -8*i = -384 - 12 - 388. Calculate the highest common factor of i and 756.
14
Suppose 0*u + 4*u = 64. Let t(i) = -3*i**3 - 8*i**2 + 13*i + 8. Let b be t(-4). Calculate the greatest common factor of u and b.
4
Suppose 0 = -10*j + 7043 + 207. Suppose -4*d + 9 + 113 = -3*g, 4*d - 108 = -4*g. What is the highest common divisor of j and d?
29
